) = -11038*k - 176690. Calculate c(-16).
-82
Let q(a) = 363824*a - 1455286. Calculate q(4).
10
Let a(r) = 3*r**2 + 4*r - 446. Determine a(-24).
1186
Let f(k) = 1817*k - 1331853. Calculate f(733).
8
Let t(d) = d**3 + 11*d**2 - 6714*d - 80417. Calculate t(-12).
7
Let p(f) = 10*f**3 + 832*f**2 + 157*f - 798. Calculate p(-83).
-51
Let b(f) = 716*f**2 + 12165*f - 68. What is b(-17)?
51
Let n(u) = -804*u**2 + 18490*u + 70. Calculate n(23).
24
Let y(h) = -13*h**3 + 2*h**2 - 210*h - 609. Calculate y(-3).
390
Let j(r) = 11374*r + 432285. What is j(-38)?
73
Let q(d) = -8143*d - 48676. Calculate q(-6).
182
Let n(b) = -b**3 - 32*b**2 - 75*b + 102. What is n(-25)?
-2398
Let a(z) = -z**2 + 1421*z - 26604. What is a(19)?
34
Let a(h) = 5240*h - 125728. Calculate a(24).
32
Let u(y) = 2559*y + 12607. Determine u(-5).
-188
Let w(u) = -399*u + 6818. Give w(14).
1232
Let h(p) = 5*p**2 + 7410*p + 426596. Determine h(-60).
-4
Let q(k) = 1151*k - 1067. Give q(1).
84
Let y(z) = -977*z**2 - 5031*z - 677. What is y(-5)?
53
Let z(t) = 70*t**2 - 43*t - 39. Calculate z(-1).
74
Let v(n) = 5*n**3 + 2207*n**2 + 922*n + 17634. Determine v(-441).
-6
Let o(l) = -2*l**3 + 9*l**2 + 33*l + 127. What is o(6)?
217
Let b(k) = 6*k**2 + 248*k - 1298. What is b(5)?
92
Let c(g) = -1446*g**2 + 7217*g + 54. Determine c(5).
-11
Let i(p) = -252*p**2 - 3746*p - 8668. Determine i(-12).
-4
Let q(h) = h**2 - 7301*h - 43838. What is q(-6)?
4
Let a(s) = 2182*s - 242190. Give a(111).
12
Let w(h) = -h**3 - 12*h**2 - 504*h - 2822. What is w(-6)?
-14
Let r(t) = 2*t**3 - 90*t**2 + 277*t + 2061. What is r(41)?
-30
Let x(y) = 11*y**3 - 610*y**2 + 8371*y + 97. Determine x(25).
-3
Let i(a) = -a**3 + 66*a**2 + 214*a + 56. Give i(-3).
35
Let r(x) = -x**3 + 33*x**2 + 225*x + 233. Give r(-6).
287
Let k(m) = -91*m + 14008. Give k(149).
449
Let d(j) = 25*j**2 - 335*j + 174. Determine d(12).
-246
Let j(c) = -2*c**2 + 109*c + 1031. Determine j(43).
2020
Let u(d) = 18396*d - 349502. What is u(19)?
22
Let i(o) = 2*o**3 - 66*o**2 - 483*o + 9. Calculate i(-6).
99
Let m(q) = 8113*q - 559791. What is m(69)?
6
Let t(f) = -f**2 + 5879*f + 159434. Give t(-27).
-28
Let t(d) = -13270*d**2 + 530799*d + 104. Determine t(40).
64
Let m(x) = 15862*x + 1681361. Calculate m(-106).
-11
Let g(n) = -n**2 - 1809*n + 127680. Calculate g(68).
44
Let r(x) = 4488*x + 4182. Determine r(-1).
-306
Let x(k) = 734*k + 51135. Give x(-69).
489
Let p(m) = 4*m**3 + 117*m**2 - 433*m - 2573. Calculate p(-32).
19
Let i(w) = -1248*w + 138452. Give i(111).
-76
Let p(x) = -217*x + 50136. Give p(231).
9
Let a(r) = 15*r**2 + 313*r + 1691. Calculate a(-5).
501
Let z(h) = -714*h - 68050. What is z(-94)?
-934
Let o(q) = q**2 - 193*q + 6489. What is o(151)?
147
Let b(t) = 22445*t + 134624. Give b(-6).
-46
Let h(t) = -t**3 - 12*t**2 - 20*t - 1028. Give h(-17).
757
Let x(f) = f**3 - 12*f**2 - 327*f + 21. Give x(-13).
47
Let s(n) = -41622*n + 2580622. Calculate s(62).
58
Let l(u) = u**3 - 19*u**2 + 28*u + 28. Calculate l(0).
28
Let a(s) = -18862*s - 207485. Determine a(-11).
-3
Let d(n) = 34504*n - 655572. Calculate d(19).
4
Let q(b) = -16*b**2 + 9344*b + 5. What is q(584)?
5
Let b(i) = 5*i**2 - 425*i - 2688. Determine b(-6).
42
Let w(o) = o**2 + 9453*o + 9959974. What is w(-1208)?
14
Let f(q) = 9810*q - 97996. What is f(10)?
104
Let h(l) = -5*l**2 - 566*l - 12266. Determine h(-84).
-2
Let z(m) = m**2 - 54103*m + 1081625. Determine z(20).
-35
Let i(a) = 7*a**3 + 166*a**2 - 28*a + 462. What is i(-24)?
-18
Let r(o) = o**3 + 35*o**2 - 728*o - 25749. Give r(-34).
159
Let u(v) = -2*v**2 + 1112*v + 25407. Calculate u(-22).
-25
Let b(w) = -1627*w - 266677. What is b(-164)?
151
Let q(u) = -2420*u + 21056. Calculate q(9).
-724
Let j(c) = 5*c**3 - 285*c**2 + 814*c - 101. Determine j(54).
115
Let r(b) = b**3 - 160*b**2 + 315*b + 243. Calculate r(158).
85
Let z(u) = -u**3 + 18*u**2 + 121*u - 1386. Calculate z(17).
960
Let j(r) = 36*r**2 - 994*r + 1128. Calculate j(26).
-380
Let u(s) = -10*s**3 - 27*s**2 + 569*s - 51. What is u(8)?
-2347
Let r(a) = -2*a**3 + 269*a**2 - 673*a + 1552. Calculate r(132).
-164
Let p(q) = 2*q**2 + 2230*q - 34295. Give p(15).
-395
Let l(j) = -58150*j - 872227. Give l(-15).
23
Let s(j) = -j**3 - 343*j**2 - 3654*j + 12. Calculate s(-11).
34
Let f(k) = -4*k**3 + 515*k**2 + 136*k - 585. Give f(129).
318
Let f(n) = 37414*n + 74836. Give f(-2).
8
Let f(d) = -8041*d - 32103. Calculate f(-4).
61
Let g(p) = 9021*p - 10229. Give g(1).
-1208
Let n(t) = -3*t**3 - 41*t**2 - 82*t - 262. Calculate n(-12).
2
Let z(x) = 931*x + 7289. Determine z(-8).
-159
Let p(r) = 6721*r**2 + 416703*r + 61. Determine p(-62).
-1
Let p(t) = 3*t**3 + 11*t**2 - 33*t + 109. What is p(6)?
955
Let k(w) = 729738*w + 1459490. Calculate k(-2).
14
Let l(d) = 2357*d - 560940. Determine l(238).
26
Let j(h) = -h**3 + 26*h**2 - 219*h + 2062. Give j(9).
1468
Let k(a) = -2*a**3 + 61*a**2 + 3261*a + 9. Determine k(-28).
429
Let i(f) = 5422*f + 16576. What is i(-3)?
310
Let f(r) = -4*r**2 - 907*r - 6154. Give f(-7).
-1
Let x(o) = -o**3 + 34*o**2 + 117*o + 514. Determine x(0).
514
Let n(x) = x**2 + 37903*x + 227422. Give n(-6).
40
Let f(v) = 19*v**3 + 238*v - 1019. What is f(4)?
1149
Let n(y) = 2191*y**2 + 6709*y + 406. What is n(-3)?
-2
Let m(w) = 1761*w + 19086. Give m(-12).
-2046
Let h(w) = w**2 - 1982*w - 141380. Calculate h(-69).
139
Let b(g) = -7036*g + 541735. What is b(77)?
-37
Let n(c) = 7*c**3 - 3*c**2 - 195*c + 772. Determine n(4).
392
Let k(q) = 27*q**2 - 151*q - 18. Calculate k(8).
502
Let s(c) = -773*c + 147662. Calculate s(191).
19
Let d(m) = -m**3 - 7*m**2 + 119*m + 4601. Determine d(0).
4601
Let b(l) = 8*l**2 - 386*l - 1921. Give b(53).
93
Let k(f) = 3*f**3 - 108*f**2 - 3166*f + 1688. What is k(55)?
-17
Let i(f) = -2*f**2 + 606589*f + 6672716. Calculate i(-11).
-5
Let f(q) = -q**3 - 77*q**2 + 250*q - 295. Calculate f(-80).
-1095
Let y(x) = 335*x - 11104. Give y(35).
621
Let i(z) = z**3 - 20*z**2 + 102*z - 55. Give i(8).
-7
Let c(s) = s**3 + 61*s**2 - 2721*s - 92. Calculate c(30).
178
Let j(r) = -1329*r + 22411. What is j(17)?
-182
Let j(a) = a**3 - 15*a**2 + 28*a - 189. Calculate j(10).
-409
Let n(y) = 20*y**2 - 39372*y + 39364. What is n(1)?
12
Let j(f) = 4887*f + 6440. What is j(-2)?
-3334
Let r(x) = 5*x**2 + 1512*x + 3598. Determine r(-300).
-2
Let r(z) = 918*z + 54175. Calculate r(-59).
13
Let i(g) = -7*g**3 + 1001*g**2 - 6681*g + 2313. Determine i(136).
1
Let f(a) = 5*a**3 - 1092*a**2 - 803*a + 31973. What is f(219)?
-1
Let m(l) = -l**2 + 91*l - 1405. Determine m(41).
645
Let u(i) = 24004*i + 1632279. What is u(-68)?
7
Let w(m) = 12*m**2 - 224*m - 907. Calculate w(-4).
181
Let v(f) = -2*f**2 - 1532*f + 52748. Determine v(33).
14
Let r(u) = -15331*u - 337292. Calculate r(-22).
-10
Let q(y) = -8*y**2 + 1102*y + 4756. Determine q(142).
-72
Let j(u) = -153639*u - 7681957. Determine j(-50).
-7
Let l(f) = 7468*f + 164318. Give l(-22).
22
Let c(u) = 60*u**2 - 4286*u - 92. What is c(71)?
-1938
Let u(f) = 3791*f - 75772. Determine u(20).
48
Let y(b) = b**3 + 13*b**2 + 118*b + 84. Determine y(-13).
-1450
Let h(i) = -46*i**2 - 130*i + 452. Calculate h(4).
-804
Let c(l) = 3*l**2 - 248*l - 768. Determine c(86).
92
Let t(u) = 3*u**2 + 1149*u + 23. What is t(0)?
23
Let w(x) = -341*x - 18295. Give w(-54).
119
Let x(f) = 15592*f - 78013. What is x(5)?
-53
Let d(p) = -360*p**2 - 1778*p + 51. What is d(-5)?
-59
Let g(x) = -68*x**2 + 10357*x - 10358. Determine g(1).
-69
Let m(x) = -x**3 - 267*x**2 - 10866*x - 3520. Give m(-217).
-48
Let f(u) = 2985*u**2 - 14928*u - 13. Calculate f(5).
-28
Let o(y) = -y**3 + 645*y**2 + 1626*y - 214798. What is o(647)?
6
Let v(t) = -2*t**3 - 136*t**2 + 162*t + 1633. Calculate v(-69).
-23
Let z(p) = 2*p**2 + 15212*p - 228632. What is z(15)?
-2
Let n(c) = -2*c**3 + 377*c**2 - 2526*c - 119. Give n(7).
-14
Let s(m) = 4*m**3 - 42*m**2 - 592*m + 831. Calculate s(18).
-105
Let s(i) = 21*i**2 - 173*i - 382. Calculate s(10).
-12
Let j(q) = -140*q - 7725. Calculate j(-80).
3475
Let y(f) = -115505*f + 9. What is y(0)?
9
Let n(u) = -254590*u + 15784592. Determine n(62).
12
Let l(v) = 16*v**3 + 406*v**2 + 131*v - 82. Determine l(-25).
393
Let o(i) = -279420*i - 6985502. Determine o(-25).
-2
Let r(x) = 12092*x + 532019. Calculate r(-44).
-29
Let w(z) = 16436*z - 16465. Calcula